 -46).
101
Evaluate -3 - -2 - (-50 + 34 + (4 - 5)).
16
Calculate -28 - (0 + 0 + 0 - (39 + -30 + 0)).
-19
Calculate 17 + 41 + -17 + 1 + 19.
61
Evaluate 48 - -2 - (-734 - -745).
39
(14 - 39) + 13 - 56
-68
What is 8 + 4 + -4 - (-15 - -8)?
15
Evaluate 1 + 22 - (-36 - ((-15 - -29) + -36)).
37
Evaluate 65 + 2 + -5 - (37 - 15).
40
(-209 - -202) + (-3 - 2) + -5
-17
Evaluate -2 + 2 - -17 - (122 - (189 - -11)).
95
209 + -494 + 269 - (-2 - -2 - (3 - 0))
-13
Evaluate -14 + (-8 - -74) + (-48 + 46 - (6 - -1)).
43
What is -18 + (6 - 37 - -79) + (-1 - 10)?
19
Evaluate (6 - 9) + -18 - (16 + (-11 - (-2 + 6))).
-22
What is the value of (-4 + -2 - (27 - 22)) + 11 - 61?
-61
What is the value of (-9 - 10) + (0 - (14 + -19 - -4))?
-18
85 + (-27 - -31) + -10 + 39
118
Evaluate -45 + -1 + (-21 - (-37 + (5 - -14))).
-49
Evaluate -59 + (-39 - -91) - 14.
-21
-30 - (61 - 32) - -56
-3
Calculate (14 + -50 - -42) + (-18 - 6) + 29.
11
What is the value of -8 - (-3 - (-35 - -19 - -4))?
-17
What is the value of -9 - ((1 - 18) + 255 + -158 - 3)?
-86
What is 19 - -1 - (88 + (13 - (-51 + 28)))?
-104
Evaluate 11 - ((-42 - -12) + 4 - -48).
-11
What is (37 - 122 - -87) + 19?
21
What is the value of (-13 - 3) + 6 + (-6 - 4 - 11)?
-31
Evaluate -2 - (-9 + (6 - (-4 + 10)) + 8).
-1
What is the value of (45 - 12) + -1 + (9 - (26 - 11))?
26
What is the value of 16 + 59 + -82 + 71?
64
Evaluate (-64 - -1) + (228 + 141 - 408).
-102
Evaluate (-19 - -8) + (11 - 2) + 3 + 1 + 7.
9
Calculate -16 - (-46 - 19) - 9 - 23.
17
What is -1 + (69 - 1 - ((-1 - (-7 - -5)) + 7))?
59
Evaluate -47 - (45 + -12 + -29 + 2 + -4 - 1).
-48
Evaluate 1 + -6 + 1 + (-3033 - -3067).
30
Evaluate 5 + 4 - (110 + -119 + (-36 - -7)).
47
What is 17 + (-1 - (12 - (22 + -15))) - -19?
30
13 - 30 - ((16 - 20) + 7)
-20
Calculate (4 - -19) + -16 + (-10 - -32).
29
Calculate -19 - (34 + -7) - -1.
-45
195 + (-228 - -23) + (17 - 1)
6
-15 + (48 - 24) - -18
27
-38 + -4 + 6 + (-31 - -50)
-17
Evaluate (-21 - (31 - 41)) + (88 - -2 - -1).
80
What is -165 - 12 - -119 - (-1 + -6)?
-51
Evaluate 12 - (-24 - (22 + -70)) - (-14 - -2).
0
What is (168 - 49) + -59 + 5 + 28?
93
Calculate -33 + -1 + (61 - (-132 + 193)).
-34
-9 + -24 + -20 + 58
5
74 + (-99 - -16) + 25 + (-1 - -2)
17
16 - ((17 - 9 - 25 - -38) + 3)
-8
Evaluate 29 + -72 + (-27 - -1).
-69
What is the value of 46 - (1 + -22 + (89 - 80))?
58
Evaluate 4 - (13 + -60 + 16 + 12).
23
Evaluate 13 + (223 + -207 + -1 + -5 - -72).
95
Evaluate -2488 + 2518 + 0 + -3.
27
What is the value of -36 + 121 + -204 + 200?
81
-6 + (-11 - -7) + 36 + -38 - -8
-4
Evaluate (-16 - -42 - 42) + -26 + -21.
-63
65 + (0 - -12) + (-17 - (-13 + (41 - 31)))
63
Evaluate (-117 - -7) + 17 - (-4 + (-17 - -6)).
-78
(42 - -2) + -3 + 41 + -26
56
33 + -51 - -79 - 1
60
3 + (-3 - -23) + 2271 + -2285
9
What is (-6 - 0) + (-12 - -32 - 31)?
-17
Calculate -199 + 240 - ((3 - 6) + (-11 - -5)).
50
What is the value of 28674 + -28662 - (-35 + (-2 - -4))?
45
Calculate 76 + (93 - 138 - -5).
36
What is the value of (1 - -13) + -36 + 9 + 111?
98
(18 + -12 + -19 - 8) + 18
-3
What is the value of 77 + 7 + -22 - ((4 - -4) + (23 - 43))?
74
Calculate -16 + (-77 - 39 - ((5 - 23) + 9)).
-123
-26 + (22 - (-35 + 24)) + 0 + -24
-17
Evaluate -284 - -277 - (8 - 10 - -7 - (-1 + -51)).
-64
Calculate (1 - -12) + -70 + 22 + 52 - 46.
-29
What is the value of 27 + -4 + 0 + -2 - (-13 - (-14 - -11))?
31
What is -11 - (-14 - -2 - (-23 + (-4 - -5)))?
-21
What is the value of 1 + -105 - (-6 - (-32 - -39)) - -20?
-71
Evaluate 69 - (-87 - (20 - 114)).
62
What is the value of -3 - (-648 + 659 - (0 + 1 + 1))?
-12
Evaluate -117 - (123 + -230) - (26 + -1).
-35
What is the value of -184 + 28 - ((-19 - -7) + 11 + (3 - 18))?
-140
-20 + 10 - (19 - (1 + 8) - (3 - -5))
-12
What is the value of -1267 - -1273 - (51 - 0)?
-45
Evaluate (4 - (-15 - (-17 - 11))) + -73 + -16.
-98
(-27 + 10 - -20) + 0 + -2 + 40
41
-30 + 14 - (-15 + -8) - -7
14
What is the value of 7 - (14 - (-34 + 15 + -6 + -13))?
-45
What is the value of 83 + -38 + -5 + (5 - -1) + -1?
45
Calculate -8 + (7 + 2 + -12 - -4) - (17 - 17).
-7
What is the value of 2 + 0 - ((1 - 24) + (-318 - -365))?
-22
What is (-4 + -9 - 4) + (28 + -24 - (21 - 3))?
-31
Evaluate -21 + -1 - (-38 - 105 - -116).
5
(25 - (-22 + (-18 - (-6 + -23)))) + 23
59
What is the value of -13 + (6 + -4 - (20 + -34 + 23 - 20))?
0
-9 - (-24 - (-25 - -78 - 15))
53
(-9 - -43) + -92 + 20 + 49
11
What is (-1 + 6 - 4) + -9 - (72 - 45)?
-35
Evaluate (-1 - 92) + (6 - (25 + -40 - (-7 + -8))).
-87
Calculate (-7 - -28) + (3 - (-24 + 74)).
-26
What is the value of -3 + (-3 - 6 - -55)?
43
Calculate 5 + 6 + (-92 - -2) - -35.
-44
What is the value of (-92 - (28 + -155)) + -57?
-22
Calculate 34 - (3 - -5 - (-25 + 7 - -20)).
28
Calculate 0 - -11 - (4 + 11 + (-9 - 0) - -12).
-7
What is the value of -6 + (-2 + 13 - 7) - -1 - (4 - -4)?
-9
-67 + (-28 - 2 - (-501 - -480))
-76
What is the value of -41 - ((2 - -2) + 7 + 1 - (87 + -76))?
-42
16 + 0 + -15 + 14 + -8
7
What is the value of 141 - 1 - (-69 + 3 + 102)?
104
Evaluate -27 - -14 - (186 + -202) - (0 + -72).
75
What is the value of (468 - 377) + (-104 - -5)?
-8
What is (-1 - -9 - (12 + 2 + -8)) + 71?
73
What is 3 + (-7 - (2 - -6 - 15)) + (46 - -4)?
53
-1030 - -1063 - (68 - -2)
-37
Calculate 58 + -165 + 29 + 71.
-7
Evaluate -19 + (10 + 4 - (21 - 6)).
-20
Calculate (1 - -2 - 39) + 0 + -17.
-53
Evaluate (-225 - -101 - -24) + 21.
-79
-2 + 5 + 73 - (42 + (-42 - (-31 - -29)))
74
What is -10 - (19 - (-17 - (-19 + -10)))?
-17
What is -16 - (-14 + -5 + 0 + -43 + -31)?
77
What is -21 + (-16 + 6 - -25) - 20?
-26
What is the value of -15 + -21 + 19 + 9 + -21?
-29
Evaluate 59 + -75 + -6 + -13.
-35
What is the value of -84 + 6 + 49 + -3?
-32
Calculate -12 + 19 + -1 + 3 - 1 - -50.
58
Calculate -17 - (-13 - 8 - (-8 + -9 - 109)).
-122
Calculate (117 - 134) + (1 - -17) + 61 + -13.
49
What is 12 + 6 - (-5 - -25) - -17?
15
What is -39 - (49 + -21) - -7?
-60
What is (50 - (90 + -29)) + 66?
55
Evaluate (-58 - 9) + 8 + 14.
-45
Calculate 20 - (-2 + 1) - (4762 - 4747).
6
What is -19 - (2264 - 2270 - (-6 + 0 + -1 + 2))?
-18
What is the value of 65 - ((189 - 94) + -125)?
95
Calculate 11 - (-4 - (-8 - -3)).
10
Evaluate 113 + (-21 - 21) - 98.
-27
What is 8 - (-3 + 5) - ((15 - 3) + 5 - 13)?
2
What is -17 - (-52 - -25) - ((0 - 0) + 6) - -2?
6
Calculate (-55 + -4 + (-21 - -13) - -17) + -15.
-65
What is the value of -5 - 0 - (-16 - -2 - (-686 - -718))?
41
What is -37 + 31 + 37 - 17 - -103?
117
Calculate (123 - 125) + (-18 - -1) + -13.
-32
What is the value of 75 - -1 - 2 - (646 + -640 + -4 + 8)?
64
39 - (-1 - (14 - 8) - (-8 + 14 + -8))
44
Evaluate 50 + (-101 - -136) + -24.
61
What is the value of 222 + -222 + 0 + 18 - (-14 - -35)?
-3
Calculate 48 + -99 - 21 - -81.
9
Evaluate 29 - (0 + (21 - -8) + -18).
18
What is the value of (-35 - -75 - 41) + -4 + (4 - 6 - -85)?
78
Evaluate -2577 + 2596 - (-18 + 0).
37
58 + ((6 - -3) + -14 - (-8 - (5 - -2)))
68
4 - (6 + 7 + -6) - (50 + -20 - -8)
-41
Calculate 50 + -21 + -25 + (-1 - 63) + (9 - 8).
-59
What is -2 + -46 + -76 - -159?
35
0 + 0 + 44 - (-50 - 1 - (801 - 844))
52
What is the value of -88 - -4 - (-15 + -3 + -116 + 111 + 14)?
-75
Calculate (-8 - (-6 + 4)) + (-5 - -75 - -7) + -7.
64
Calculate -5 + 5 + (21 - -59) - (-128 + 136).
72
What is the value of (-43 - -2) + 6 + -14?
-49
What is (28 - (-18 - (-19 + -8))) + 17?
36
What is the value of (16 - -16) + 5 + (13 - 8)?
42
What is 6 - (-26 - (20 + 2 - 32) - -26)?
-4
Evaluate (2 - 13) + (37 - (-27 + 43 + -21)).
31
Calculate -18 - (36 + 8 + -14 + -19).
-29
28 + -678 + 694 + (-7 - 3)
34
What is -2 + -133 - (582 - 649)?
-68
(-37 - -38 - -39) + 41 + -8
73
What is (-8 - 11) + 33 + -8 + -2?
4
45 + 30 + (25 - (-22 - -20))
102
What is -69 - 7 - (277 - 303)?
-50
What is the value of -16 - ((40 - (4 + 35)) + -30)?
13
Evaluate (-33 - -120 - 52) + -107.
-72
What is -61 - (-11 + (-4 - -9) + -4) - 17?
-68
Calculate -48 + 33 - (-5 - 61).
51
-40 - (-6 + 22 + -20 - 18)
-18
-2 + 3 + 3 + -77 - (3746 + -3763)
-56
What is the value of 1 + -4 - ((-34 + 2 - -2) + -3274 + 3280)?
21
Evaluate (-21 - -304 - 138) + -114.
31
Evaluate (76 - 59) + (-26 - -10) - -7.
8
Calculate 1387 + -1460 + 35 + 0.
-38
What is the value of 64 + 37 - 3 - (0 - (13 + -4) - 5)?
112
What is (-47 + 31 - 28) + 50?
6
(-85 - -89)